ided by n(p)?
11
Suppose 5*v - 3*v = 4*h - 146, h + 2*v = 24. What is the remainder when h is divided by 9?
7
Let f = 93 + -84. Calculate the remainder when f is divided by 7.
2
Let i(c) = -c**2 - 6*c + 8. Let f be i(-7). Let s = f - 3. Let z(a) = -a**3 - a**2 + 2. Calculate the remainder when 16 is divided by z(s).
4
Suppose 2*k - 5 = -1. Calculate the remainder when k is divided by 1.
0
Suppose 16 + 4 = 2*d. Let p(r) = -4*r + 3 - 3 + 6*r - 4. Calculate the remainder when d is divided by p(4).
2
Suppose -76 = -w - 3*w. Suppose -3*x = -6 - 15. Calculate the remainder when w is divided by x.
5
Let i(j) = 2*j**2 - j + 1. Let m = 34 + -21. Calculate the remainder when m is divided by i(2).
6
Suppose -69 = -4*f + 11. What is the remainder when 77 is divided by f?
17
Let d(n) = n**2 - 8*n - 6. Let x be d(8). Let p(v) = -v + 7. What is the remainder when 22 is divided by p(x)?
9
Suppose 54 = 11*m - 2*m. Calculate the remainder when m is divided by 1.
0
Let v(b) be the third derivative of -7*b**4/24 - b**2. Suppose 5*z = -3 - 2. What is the remainder when 13 is divided by v(z)?
6
Let l(h) = -11*h**3 - h**2 + 1. Let x = 78 + -46. Calculate the remainder when x is divided by l(-1).
10
Let u = 27 + -22. Suppose -g - 5*f - 6 = 0, -u*g + 2*f + 36 = 5*f. Calculate the remainder when g is divided by 3.
0
Let k be (1 + -2)/(2/6). Let w(j) = 20*j - 3. Let v be w(k). What is the remainder when 31 is divided by v/(-6) + (-1)/(-2)?
9
Let v(o) be the first derivative of o**3/3 + o**2 + o - 4. Let d = -13 - -22. What is the remainder when v(-5) is divided by d?
7
Suppose 2*z + 3*d = -0*d + 127, 5*d + 15 = 0. What is the remainder when z is divided by 23?
22
Let t = -2 - -5. Let r = -8 + t. Let w(x) = x**3 + 6*x**2 - x - 4. What is the remainder when w(r) is divided by 14?
12
Let u(v) = -5*v**2 - 3*v - 2. Let l(i) = 6*i**2 + 4*i + 2. Let h(k) = -2*l(k) - 3*u(k). Let r = -4 + 2. What is the remainder when 22 is divided by h(r)?
10
Suppose 2*k = -2*d + 4*d - 6, 0 = 2*d - 10. Let u be ((-1 - 1) + k)/(-1). Suppose -3*g + 18 = -u*g. Calculate the remainder when g is divided by 4.
2
Let b(p) = -2*p - 2. Let f be b(-6). Let o be (f/(-4))/5*-10. Suppose o + 6 = v. Calculate the remainder when v is divided by 6.
5
Let p(k) = -2*k + 4. What is the remainder when p(-9) is divided by (-1)/(-2)*168/7?
10
Let u(g) = -36*g**3 + 2*g**2 + g. What is the remainder when u(-1) is divided by 13?
11
Let n = 139 - 68. What is the remainder when n is divided by 24?
23
Let o = -1216 - -4023. Calculate the remainder when o/91 - 2/(-13) is divided by 11.
9
Suppose -2*z + 6 - 1 = y, 3*y - 3*z = 6. Suppose -2*i + 5*j + 192 = 2*i, -171 = -y*i - 3*j. Calculate the remainder when i is divided by 14.
11
Suppose -9 = 5*b - 234. Let d = b + -32. What is the remainder when d is divided by 7?
6
Let g(p) = p**3 + 13*p**2 + 13*p + 9. Let o be g(-12). Let w be (-10)/5 - 1*o. What is the remainder when w/5 - 488/(-10) is divided by 17?
15
Let v(z) = -8*z + 4. What is the remainder when v(-10) is divided by 22?
18
Let y(j) be the first derivative of -11*j**2/2 + 5*j - 2. Let x = 10 - -7. Calculate the remainder when y(-4) is divided by x.
15
Suppose 2*j + 0*j = -12. Let t(q) = -q**3 - 7*q**2 - 8*q - 9. Calculate the remainder when 6 is divided by t(j).
0
Let p(n) = n**3 + 8*n**2 + 4*n - 10. What is the remainder when p(-7) is divided by ((-6)/(-5))/(-14*12/(-420))?
2
Suppose -2*o = -2*s + 10, 5*o = 2*s + 4 + 1. Calculate the remainder when 28/s - (-2)/10 is divided by 1.
0
What is the remainder when 30 is divided by 6/(-4)*32/(-6)?
6
Let z(g) = -2*g**3 - 5*g**2 - 2*g + 2. Let d be z(-3). Suppose -5*y + d - 2 = 0. What is the remainder when 4 is divided by y?
1
Suppose 14*r = 7*r + 28. What is the remainder when 8 is divided by r?
0
Let f(h) = -h + 24. What is the remainder when 61 is divided by f(8)?
13
Let u = -2 - -4. Let n = 18 - -4. Suppose u*h - n = 24. Calculate the remainder when h is divided by 12.
11
Let o(n) = n**3 - 6*n**2 + 4*n + 6. Let x = -3 + 8. Suppose x*a - 2*a - 48 = 0. Calculate the remainder when o(6) is divided by a.
14
Suppose 2*a = x + 81, -a + 4*a + 2*x = 139. What is the remainder when a is divided by 23?
20
Let q(s) = -2*s - 7. Suppose -2*r - 4*m = 0, 5*r - r = m - 27. Calculate the remainder when (2 + 2)/((-3)/((-108)/8)) is divided by q(r).
3
Suppose -d = 10 - 20. Suppose 0 = -0*n + 3*n - 12. Suppose -3 = -n*a + 113. What is the remainder when a is divided by d?
9
Suppose 4*o - 2*o - 46 = 0. Calculate the remainder when o is divided by 12.
11
Let v(s) = -s**2 + 6*s - 3. Let h be v(2). Let z(w) = 2*w - h*w - 7 + w. What is the remainder when 20 is divided by z(-9)?
9
Suppose -3 - 1 = -2*o. Suppose o*u + 3 = 11. Calculate the remainder when 7 is divided by u.
3
Let y = -10 - -24. Calculate the remainder when -3*-1*15 + -4 is divided by y.
13
Suppose -20*b + 25*b = 55. Calculate the remainder when 52 is divided by b.
8
Let z(r) = 0*r + 10 - 3*r**3 - 2*r + r - 7*r**2 + 2*r**3. Suppose 3*u + 147 = 6*u. Calculate the remainder when u is divided by z(-7).
15
Let u(y) = -y + 3. Let d be u(3). Suppose 4*q + l - 11 = 11, d = -4*q + 4*l + 12. Calculate the remainder when 112/q - (-12)/20 is divided by 8.
7
Let z = -18 - -81. What is the remainder when z is divided by 13?
11
Suppose 2*m = 5*i + 6*m - 24, -4*i - 2*m = -18. Calculate the remainder when 5 is divided by i.
1
Suppose -3*z + 11 = 3*k + 2, -2*k + 18 = -2*z. What is the remainder when 17 is divided by k?
5
Let b(w) = -4*w + 1. Let n be b(-1). Suppose n*u = 5*g + 2*u - 45, 0 = 5*g - u - 35. Calculate the remainder when 11 is divided by g.
5
Suppose 0 = g - 2. Suppose -11 = -5*u - 3*d, -4*d = -g*u - 9*d - 7. What is the remainder when 15 is divided by u?
3
Suppose 3*w + 1 = -4*x + 9, -4*x - 5*w = 0. What is the remainder when 17 is divided by x?
2
Let k be -1*7 - (-11 + 14). Calculate the remainder when 44 is divided by k*((-1)/2 - 1).
14
Suppose 5*g - 100 = 5*p, 2*g - 6*g - p + 80 = 0. Calculate the remainder when g is divided by (-1)/((-2)/(-44)*-2).
9
Let n(d) = 33*d**2 + 3*d + 4. What is the remainder when 126 is divided by n(-1)?
24
Calculate the remainder when ((-104)/(-6))/(3/9*1) is divided by 14.
10
Let z be 20/8 + (-1)/(-2). Suppose 3*j + 3*t = -z, -5*j = -10*j + 3*t + 3. Suppose j = x - 9 + 3. Calculate the remainder when 23 is divided by x.
5
Suppose -3*m = -2*c, -6*c + 3*c = 2*m + 26. Let k = c + 8. Suppose h - k*h + 10 = 0. Calculate the remainder when h is divided by 6.
4
Let n(f) = -3*f - 6. What is the remainder when n(-7) is divided by 8?
7
Suppose -3*x = -3, 3*n - 3*x + 29 = 5*n. Calculate the remainder when 116 is divided by n.
12
Let n(s) = -s**3 - 9*s**2 - s + 3. Let i(f) = -7*f - 20. What is the remainder when i(-11) is divided by n(-9)?
9
What is the remainder when 51 is divided by 36/(10/5) + 0?
15
Suppose 0 = -2*j - 2*f + 12, -j + 10 + 16 = 5*f. What is the remainder when 1 is divided by j?
0
Suppose 0 = -11*o + 4*o + 189. Calculate the remainder when 105 is divided by o.
24
Let l = 85 - 73. Calculate the remainder when 22 is divided by l.
10
Let p(a) = -a**2 + 9*a - 8. Let x(j) = 4*j - 1. Let m be x(2). What is the remainder when 8 is divided by p(m)?
2
Suppose -3*s + 23 = -19. What is the remainder when 26 is divided by s?
12
What is the remainder when (172 - -10)/(1 - (0 + -1)) is divided by 23?
22
Let g = 3 - 3. Suppose c + 0*c - 3 = g. What is the remainder when 5 is divided by c?
2
Suppose -11*t = -6*t - 55. Suppose 2*g = -4 + 12. Calculate the remainder when t is divided by g.
3
Let y(p) = p. Let o = -40 - -55. Calculate the remainder when o is divided by y(8).
7
Suppose 0 = i + 2, -3*n + 30 + 113 = -4*i. What is the remainder when n is divided by 12?
9
Let l be -2*(75/(-6))/5. Suppose 0 = -p + 3*c + 16, p - l*c - 21 = 5. What is the remainder when 1 is divided by p?
0
Calculate the remainder when (0 - -4)/(4/22) is divided by 13.
9
Let x(j) = -j + 49. Calculate the remainder when x(0) is divided by (-8)/28 + (-3 - 568/(-28)).
15
Suppose -16 = -4*u - 4*g, -10 = -2*u + g + 4. What is the remainder when u is divided by 5 - (0 - (-1 + 0))?
2
Let o = 108 - 67. What is the remainder when o is divided by 21?
20
Let z(p) = 10*p. Let u be z(8). Suppose -5*f + u = -f. Calculate the remainder when f is div